 24. What is the units digit of l?
8
Let l(x) = 10*x - 2. Let i(f) = f - 1. Let r(z) = -2*z. Let y(k) = -i(k) - r(k). Let b(a) = l(a) - 5*y(a). What is the tens digit of b(4)?
1
Let o = 1209 + -303. What is the hundreds digit of o?
9
Let m(g) = -2*g**3 - 9*g**2 + 9*g + 12. Let k be m(-5). What is the tens digit of (-162)/15*20/k?
2
Let t = 16 - 10. Let l be 35/t - (-2)/12. What is the units digit of 4/l - 98/(-6)?
7
Let c(k) be the third derivative of k**5/60 + k**4/8 - 5*k**3 + 17*k**2. What is the units digit of c(11)?
4
Let p(l) = -l**3 - l**2 - 3*l**2 - 16*l + 0 + 7 - 11*l**2. What is the tens digit of p(-14)?
3
Let f(r) = r**3 + 8*r**2 + 5*r + 3. Suppose 0*w = 4*w - 112. Suppose -16*h + 20*h = -w. What is the units digit of f(h)?
7
Suppose 129 = 4*t - 275. Suppose 0 = 3*k - t + 17. What is the tens digit of k?
2
Let l be (-1)/6 + 31/6. Suppose -y = -j + 81, 4*j - l*y = -0*j + 321. What is the tens digit of j?
8
Let l = -5 + 8. What is the units digit of 909/18 - l/2?
9
Let r be 590/4*72/60. Suppose r = 8*k - 5*k. Suppose 3*a - 2*a - k = 0. What is the tens digit of a?
5
What is the tens digit of 68*5 + 0 + (-23 - -19)?
3
Let b(i) = -2*i**3 - 9*i**2 - 9*i + 3. What is the units digit of b(-4)?
3
Let l = 34 - 36. What is the units digit of 3/(15/205) + l?
9
Let l(o) = 45*o. Let t be l(1). Let g = -732 + 765. Let s = t - g. What is the units digit of s?
2
Suppose -4*u = -u - 3. Let g be (0 + 1)*(1 + u). Suppose x = -g*y - 2*x + 31, 2*y - 2*x - 6 = 0. What is the units digit of y?
8
Suppose 3267 = 4*p - 5*o + 410, -2*p - 2*o = -1442. What is the tens digit of p?
1
Let c(l) = -22*l - 1. Let g be c(1). Let h = g + 36. Let b = h - -6. What is the units digit of b?
9
What is the tens digit of 23/((-23)/(-3214)) - (1 + 4)?
0
Suppose -27 = -k + 4*z, -k + 6*z + 24 = z. Let v(m) = 2*m - 4. Let b be v(3). What is the tens digit of k/(5 - b) + -2?
1
Suppose -138 = -2*f + 344. What is the units digit of f?
1
Suppose -5*u = 5, -43*j + 47*j - 2067 = -5*u. What is the hundreds digit of j?
5
Let s(b) = -b**3 + 10*b**2 - 7*b - 6. Let h be s(9). Suppose m = -2*m + h. What is the units digit of m?
4
Let k = -1614 - -4957. What is the thousands digit of k?
3
Let u(q) = -72*q - 113. What is the tens digit of u(-9)?
3
Let o(n) = 34*n - 96. Let p be o(6). Let m(j) = -j**2 - 5*j + 8. Let i be m(-6). Suppose 0*h - i*h = -p. What is the tens digit of h?
5
Let u(n) be the first derivative of -41*n**2/2 - 13*n + 14. Let h be u(-3). Let o = h + -49. What is the units digit of o?
1
Let l(h) be the second derivative of h**4/3 - 2*h**3/3 - 3*h**2 - 7*h. What is the tens digit of l(5)?
7
Suppose -l + 2*t = -5, l - 6 = -3*t + 6*t. Suppose -5*c - d - 34 = -527, d = l. What is the units digit of c?
8
Let o(q) = q**3 - 28*q**2 - 58*q - 49. What is the tens digit of o(33)?
8
Let b be ((-8)/10)/((-7746)/2580 - -3). Suppose -4*l = u - 76, -b = -4*u + l + 3*l. What is the units digit of u?
4
Let j(w) = -2*w**3 - 9*w**2 + 5*w + 14. Let m be j(-7). Suppose 2*a - 6*a = 4*x - m, 4*a - 4*x - 200 = 0. What is the units digit of a?
3
Suppose 0*j + 3*j - 12 = 0. Suppose j*f = 10*f - 6. What is the units digit of f?
1
Let a(i) = 4*i - 1. Suppose 5*d + 0 = 5. Let s be a(d). What is the units digit of (-2 + s)/(2/86)?
3
Let a = 6 + -6. Let x be (-2 - 1 - -1) + a. What is the units digit of 50/3*(-3)/x?
5
Let z(o) = -o**2 - o - 1. Let k(a) = -2*a**2 - 19*a - 7. Let w(u) = k(u) - 3*z(u). Let t be (5 - 80/15)*-51. What is the tens digit of w(t)?
1
Let u be 15/((-4)/(-5)*4 + -3). Suppose t = 233 - u. What is the tens digit of t?
5
Let k be 0*(3 - 20/8). Suppose k = -q - 3 - 2, 2*q + 21 = x. What is the units digit of x?
1
Suppose f + f = 0. Let s = f - -67. What is the units digit of s?
7
Suppose 29 = -3*p - k, -p + 2 = k - 3*k. Suppose 0*u = 5*u - 15. Let f = u - p. What is the units digit of f?
1
Let l(s) = -18*s - 139. What is the hundreds digit of l(-14)?
1
Suppose 9 = 3*g - l, -5*g - 4*l - 6 = -4. Suppose 279 = g*v + u, 4*u + 35 = 5*v - 669. What is the hundreds digit of v?
1
Let i = -60 + 45. Let p = 34 + i. What is the units digit of p?
9
Suppose 0 = 5*w + 5*w - 8180. Suppose -5*b + w + 347 = 0. What is the hundreds digit of b?
2
Suppose 5*f - 25 = 0, -4*k = -5*f + 219 - 542. Suppose -k = -h + 153. What is the units digit of h?
0
Let t = -213 - -246. What is the units digit of t?
3
Suppose -4*b = b + 90. Let h be ((-6)/(-4))/(b/(-24)). Suppose -7*z - l + 53 = -3*z, z - 2*l - h = 0. What is the units digit of z?
2
Suppose -2*q = 3*v + 1182 - 5488, q - 2153 = 4*v. What is the hundreds digit of q?
1
Let k = 54 + -50. What is the tens digit of ((-5)/k*10)/((-6)/12)?
2
Suppose -3*a + j = -53, 5*j + 20 = a - 7. What is the tens digit of a?
1
Suppose -2*p = 10 - 12. Let o(t) = 51*t**2 - t + 1. What is the tens digit of o(p)?
5
Let d be 191 - -2*(-3 - -4). What is the hundreds digit of d + -1 - (35/(-7) + 5)?
1
Let h(i) = -2*i**2 + i + 1. Let m(s) = -3*s**2 + 2*s + 1. Let c(t) = -10*h(t) + 6*m(t). Let b be c(5). Let p = 0 + b. What is the units digit of p?
6
Let d(k) be the second derivative of -2*k**3 + 29*k**2/2 + 12*k. What is the units digit of d(-6)?
1
Let v = 14 - 12. Suppose 0*f - 3*f = 2*w - v, w = f + 11. Let r(k) = -k**3 + 7*k**2 + 3*k - 5. What is the tens digit of r(w)?
1
Suppose -10*w = -6*w - 28. What is the hundreds digit of 1 + 800/w + (-6)/21?
1
Suppose 4*q - 2861 = n + 2981, 2*n - 4387 = -3*q. What is the thousands digit of q?
1
Let t = -17 - -22. Suppose q - j = 16 + t, -j = 5*q - 135. What is the tens digit of q?
2
Let y(a) = -3*a + 4*a + a + 10 - 4*a. What is the tens digit of y(-7)?
2
Let s(m) = 360*m**3 - m**2 + 3*m - 1. Let v be s(1). Let c = v - 246. What is the hundreds digit of c?
1
Suppose -22*x + 25*x = -237. Let j = x - -143. What is the tens digit of j?
6
Let s(v) = 19*v - 181. What is the units digit of s(39)?
0
Let t(y) = -y + 19. Let c be t(17). What is the units digit of (((-18)/(-24))/(1/264))/c?
9
Suppose 0 = -k - 5*o + 230, -k = 3*k + o - 882. What is the hundreds digit of k?
2
Suppose 216 = 4*t - 2*v, -5*t - 3*v = -123 - 158. Suppose 2*k + k = 51. Suppose 2*r + k = t. What is the tens digit of r?
1
What is the tens digit of ((-1160)/100)/(2/(-90))?
2
Let u(d) = 2*d**3 - 2*d**2 - 2*d - 4. Let c be u(3). Let n = -26 + c. Suppose n*y - 5*o - 110 = -2*y, 5*o - 205 = -5*y. What is the units digit of y?
5
Let d(f) = 2*f + 2*f + 3*f**2 - 7*f - f. Let g(c) = -c**2 + 6*c - 5. Let x be g(3). What is the units digit of d(x)?
2
Suppose -3*c = -7*c + 20. Suppose 2*p - 2*a = 88, -3*p + 0*a + 92 = c*a. What is the units digit of p?
9
Suppose -11260 = 28*c - 38*c. What is the tens digit of c?
2
Let s(d) = d**3 + 15*d**2 - 12*d + 4. Let y be s(-16). Let c = y - -84. What is the units digit of c?
4
Suppose -6 = -4*n + 6. Suppose -4*a - 33 = -5*l + 44, 87 = -5*a - n*l. Let m = a + 43. What is the units digit of m?
5
What is the thousands digit of 5 - -1624 - 1/((-4)/24)?
1
Let r(n) = -4*n - 5. Let f be r(-8). Let m = 81 - f. What is the units digit of m?
4
Let x(j) = 41*j + 1. Let i be (54/3)/(3 - 5). Let d = i - -10. What is the tens digit of x(d)?
4
Suppose b + 3*j - 9 = 3, -3*b = -4*j + 16. Suppose g - 9 = -4*l, -g = -5*l - b*g. What is the units digit of l?
1
Suppose 2*i - 171 = 5*t - 609, -2*t + i = -176. What is the tens digit of t?
8
Suppose -2*d + 5*d - 9 = 0, 5*h = 5*d + 1040. Suppose -3*j = -2*s - 6*j + h, -113 = -s - 3*j. What is the tens digit of s?
9
Suppose 2*d + 5*p - 43 = 0, d = 3*p + 39 - 12. Let v = -30 + d. What is the tens digit of (-230)/v - (-2)/3?
3
Suppose -2605 = -2*f - 5*t, f - 5*t = -3*f + 5195. What is the tens digit of f?
0
Let h(b) = -b**3 - 4*b**2 + 5*b + 3. Let z be h(-5). What is the tens digit of -3*730/(-15) + z?
4
Let c(l) be the first derivative of l**3/3 + 9*l**2/2 - 19*l + 24. What is the hundreds digit of c(8)?
1
Let g(j) = -2*j**3 + j**2 + j. Let k be g(0). Let t(p) = 13*p - 2*p**3 - 16*p**2 + 8*p**2 + 13 + k + p**3. What is the units digit of t(-10)?
3
Let p(d) = 202*d + 361. What is the hundreds digit of p(12)?
7
Let f(d) = 3*d**3 - d**2 - 4*d + 84. Let r(b) = b**3 - b**2 - b - 1. Let p(u) = f(u) - 2*r(u). Let h be p(0). Let g = h - 55. What is the units digit of g?
1
Let l(y) be the first derivative of 3*y**2 + 2*y + 2*y**3 - 12 